 the units digit of m(i)?
0
Let k(a) = a**3 - 4*a - 3. What is the tens digit of k(4)?
4
Let t(g) = -g**3 - 9*g**2 - 9*g + 11. What is the tens digit of t(-8)?
1
Suppose -3*l - 5*o - 29 = l, 4*o + 23 = -3*l. Let v be 12*1 + 1 + l. Suppose -3*j + 2*j + v = 0. What is the tens digit of j?
1
Let b be ((-3)/(-4))/(6/(-24)). Let o = b - -5. Suppose 0 = -o*l + 6*l - 56. What is the tens digit of l?
1
Let t(c) = -7*c - 5. What is the tens digit of t(-11)?
7
Let h(i) = i**2 + 10*i + 4. Let s be h(-8). What is the units digit of (-333)/s - 1/(-4)?
8
Let r(a) be the third derivative of a**7/5040 - a**5/60 + 2*a**2. Let f(m) be the third derivative of r(m). What is the units digit of f(2)?
2
Suppose -5*u + 200 = 5*h, 0 = u + 2. What is the units digit of h?
2
Let n(w) = -w**2 - 13*w + 2. Let i be n(-13). Suppose 4*s = i*r + s - 35, -4*s = -2*r + 36. What is the tens digit of r?
1
What is the tens digit of (0 + 2)*(-57)/(-6)?
1
Suppose -3*y + 17 = 5. Let g = -4 + y. Suppose g = 2*t - 10, 5*n - 3*t = -0*t + 15. What is the units digit of n?
6
Let b = 14 + -23. Let x = 10 - b. What is the tens digit of x?
1
Let s be 0/1*1/(-2). Suppose -4*a + 2*a + 6 = 0. Suppose 0*m - a*m + 6 = s. What is the units digit of m?
2
Let p = 22 - 6. What is the units digit of (-3 + p - -1) + -2?
2
Suppose 5*n - 3*u - 39 = 0, -n + 2*n + 5*u + 9 = 0. Let f = 9 + n. What is the units digit of f?
5
Let p(g) = -g - 4. Let x be p(-6). Let u = -11 + 11. What is the units digit of 2*(u + 1)/x?
1
Suppose 7*r - 174 = 4*r. What is the units digit of r?
8
Let c(u) = 9*u - 6. What is the tens digit of c(2)?
1
Let b(k) = 8*k - 10. Let h be b(7). Suppose -4*r + 0*r + 2*d = -h, -3 = 3*d. Suppose 12 = 3*f + f, 2*f = -5*u + r. What is the units digit of u?
1
Suppose 0 = z - 4*z + 4*o + 260, -o - 338 = -4*z. What is the units digit of z?
4
Let w = 34 - 24. What is the tens digit of w?
1
Suppose 3*j = 4*c - 2*j - 222, -3*j = 2*c - 100. What is the tens digit of c?
5
Suppose 5*f = -2*c + 100, 2*c - 6*c + 2*f = -176. What is the units digit of c?
5
Suppose -2*j + 1 - 49 = 3*u, 5*u - 2*j + 96 = 0. Let w = -10 - u. What is the units digit of w?
8
Suppose 25 = -a - 7. Let t = a + 54. What is the tens digit of t?
2
Suppose -3*i - 2*o + 5*o - 90 = 0, -5*o - 36 = i. Let p = -14 - i. What is the tens digit of p?
1
Let z be -1*12/(-8)*6. What is the units digit of 2*(z/(-6))/(-1)?
3
Suppose d = -2*c + 30, -3*d + d + 61 = 5*c. Let y = -14 + d. What is the units digit of y?
4
Suppose -10 + 0 = -2*u. Suppose -c + u + 8 = 0. What is the units digit of c?
3
Let r be (-2)/8 - (-82)/8. Let z = r - 5. Suppose z*j - h = 6, -3*h = -8 - 4. What is the units digit of j?
2
Suppose 12 = 2*z + 4. Suppose -z + 2 = -2*m. What is the units digit of 2*(1 + m) + 0?
4
Let x be (2 - 10)*-8 - 2. Suppose x = 4*p - p - s, -p = -2*s - 14. What is the units digit of p?
2
Let k(q) = -q**3 + 7*q**2 - 4*q - 6. What is the units digit of k(6)?
6
What is the units digit of ((-3)/2)/((-18)/1272)?
6
Let p = 8 - 3. Let k be (-6)/27 - 40/(-18). Suppose 0 = 3*c - 2*c + u, 0 = p*c - k*u - 21. What is the units digit of c?
3
Let u(y) = -y - 3. Let x be u(-3). Let b be x/2 + 2 + 21. Let i = 33 - b. What is the tens digit of i?
1
Let v(i) = 2*i**2 + 5*i - 6. Let s be v(-5). Let n = -11 + s. What is the units digit of (3 - 4) + n/1?
7
What is the units digit of -2*((-84)/8 - 3)?
7
Let i = 74 - 53. Let z(c) = c**2 - 7*c - 3. Let v be z(8). Suppose -3*f + 27 = 3*x, 5*x - v*f - i = -2*f. What is the units digit of x?
6
Let g(v) = -13 - v**2 + 13 + 4*v. Let w be g(3). Suppose -2*b = -13 - w. What is the units digit of b?
8
Suppose 0*v + v = 0. Suppose -8 = -2*m - v. What is the units digit of m?
4
Let v(y) = -19*y - 2. Let r be v(-5). Suppose 2*b - 2*p - 39 + 9 = 0, p = -5*b + r. Let s = b - 13. What is the units digit of s?
5
Suppose -5*j + 29 = -6. Let r = j + 10. What is the units digit of r?
7
Let s(w) = w - 5. Let g be s(5). Suppose 2*v = 4*m - 178, g*m = 2*m + v - 99. What is the units digit of m?
7
Let u = 55 - 20. What is the tens digit of u?
3
Let f be 4/10 + 54/(-10). Let a(o) = 4 + o**3 - 8*o**2 + 2*o**3 + 3*o**2 - 4*o**3. What is the units digit of a(f)?
4
Let t(g) = 3*g**3 + 5*g**2 - 3. Let a(o) = -16*o**3 - 26*o**2 + 16. Let m(f) = -2*a(f) - 11*t(f). Let y be m(-3). What is the tens digit of (-1 - (-33)/3)*y?
1
Suppose -128 = -4*s + 2*u + u, 4*s = 4*u + 132. What is the units digit of s?
9
Suppose -158 = -2*o - 4*s, o = 2*s + 61 + 14. What is the tens digit of o?
7
Suppose -4*x = -2*x - 228. What is the tens digit of x?
1
Let k = -574 + 959. What is the hundreds digit of k?
3
Suppose 0 = -15*w - 0*w + 4395. What is the units digit of w?
3
Suppose -r - 4*r + 245 = 0. Suppose -9 = -4*d - r. Let f = d + 16. What is the units digit of f?
6
Suppose 0 = 2*v - 4*v + 3*p + 146, 0 = -4*v + 5*p + 292. What is the units digit of v?
3
Suppose 5*s = 10*s - 80. What is the tens digit of s?
1
What is the tens digit of (-268)/(-12) - 4/(-6)?
2
Suppose -2*f + 3*f - 2*t = 52, t + 2 = 0. What is the tens digit of f?
4
Let n(s) = -s**2 + s + 9. Let h be n(0). Let i be 14/6 - 3/h. Let d(g) = 8*g - 3. What is the tens digit of d(i)?
1
Let h(s) = 3*s**2 - 9*s - 16. What is the hundreds digit of h(-7)?
1
Let c(n) = -n**3 - 5*n**2 - 3*n - 1. Suppose -3*a + 1 - 13 = 0. Let p be c(a). Let i = p - -8. What is the units digit of i?
3
Let h = 84 + -47. What is the units digit of h?
7
Suppose -11*y = -2*y - 1719. What is the units digit of y?
1
Suppose 2*w + 2 = 3*w. What is the units digit of (8/4 - 1) + w?
3
Let y(k) = 3*k - 5. Suppose 6*o - 3*o = 2*x - 2, o = -x + 1. Let d be 2 - x - (-9)/3. What is the units digit of y(d)?
7
Let k = -67 - -155. What is the units digit of k?
8
Suppose -5*u + 22 = 3*g - 3*u, 3*u = 15. Suppose 0 = 7*s - 68 - 114. Suppose -g*a + s = -2*a. What is the tens digit of a?
1
Suppose -2*q - 11 + 41 = 0. What is the units digit of q?
5
Suppose -10 = -0*z - 5*z. Suppose -5*o - z*j + 0 = 6, -5*o + 5*j + 15 = 0. Suppose o = 3*u - 7*u, -2*h + 24 = 4*u. What is the tens digit of h?
1
Let i be 4*((-5)/(-4) + -1). Let v = i - -41. What is the tens digit of v?
4
Let y = 28 + -7. Suppose y = v - 4*v. What is the units digit of 178/12 + v/(-42)?
5
Let v(b) be the second derivative of -1/3*b**3 + 0 - 3/2*b**2 + b + 1/12*b**4. What is the units digit of v(4)?
5
Let i(y) = -y**3 - 10*y**2 - 5*y + 13. What is the tens digit of i(-10)?
6
Suppose -b = -y - 40, -b + 5*b - y = 166. What is the units digit of b?
2
Suppose 0 = 3*l - 4*n - 788, 8*n + 790 = 3*l + 6*n. What is the tens digit of l?
6
Suppose 0 = -4*w + 3*w + 3. Let x(j) = 6*j**w - 2 + 4 - 2 - j**2 + 1 - j. What is the units digit of x(1)?
5
Let t(o) = o**3 - 4*o**2 - o - 3. Suppose 4 = -3*l - 2. Let b = 7 + l. What is the units digit of t(b)?
7
Suppose 2*q = -q + 3*i, 3*i = -q. Suppose 2*c - 16 = -q*c. What is the units digit of c?
8
Let p(s) = 15*s**2 - 3*s - 1. What is the units digit of p(-2)?
5
Let g = -11 + 8. Let y be ((-9)/(-6))/((-3)/4). What is the units digit of (-6)/g + 0/y?
2
Suppose -9*d + 3472 = 5*d. What is the hundreds digit of d?
2
Suppose 7*k - 2*v = 3*k + 20, 5*k = -v + 11. Let p(w) = -16*w - 2 - k + 4. What is the tens digit of p(-1)?
1
Let h(o) = -7*o - 9. Suppose 2*k = -12 + 4. What is the units digit of h(k)?
9
Suppose 0 = -4*b + 20, -3*y = -4*y - 2*b + 4. Let p = y + 9. What is the units digit of p?
3
Suppose 3*z + 0*z - 52 = -4*g, -2*g = 5*z - 68. Suppose -l + 5 = -z. What is the tens digit of l?
1
Let i(j) = 2*j**2 - 9*j - 11. Let u be i(-8). Suppose -5*q + 215 = p + 2*p, -p = -4*q + u. What is the tens digit of q?
4
What is the units digit of (-220)/(-14) + 18/63?
6
What is the units digit of 11/(-2)*(4 + -6)?
1
Let y(l) = -l**3 + l**2 + l + 7. Let v be y(0). Suppose 0 = -d + 2*o + 10, 3*o = -5*d + v*o + 50. What is the units digit of d?
0
Let d = -4 - -6. Let z be (d - (1 - 2))*5. Let x = -8 + z. What is the units digit of x?
7
Let l(d) = -d**3 + 7*d**2 + 2*d - 8. Let b be l(7). What is the units digit of 3/(b/17)*2?
7
Suppose 27 = 2*p - 13. Suppose q - 3 = -2*d, -4*d - p = -0*d. What is the tens digit of q?
1
Let d = 279 + -65. What is the hundreds digit of d?
2
Let r(x) = -2*x**2 - 17*x - 11. Let w(h) = h**2 + 9*h + 6. Let q(b) = -2*r(b) - 5*w(b). Let m be q(-10). W